actor of 209 and h?
19
Suppose -91 = -3*z + 4*a, -5*a - 1 = 19. Let w = 35 - z. What is the highest common factor of w and 20?
10
Suppose -4*b + 5*b = 5. Suppose b*i + 2*f - 67 = 0, -2*i - 4*f = -6*i + 76. Suppose -5*m = -544 - 56. What is the highest common divisor of i and m?
15
Suppose 14*t = 153 - 153. Let h be 1/(-4) - (-145)/4. Suppose d + d - h = t. Calculate the highest common factor of d and 9.
9
Suppose -3*s + 0 = -5*d + 17, 13 = s + 3*d. Suppose -4*n = 4*z + 4, -2*n - 5*z = n + 13. Suppose -21 = -n*h - 5. What is the greatest common divisor of h and s?
1
Let q = 65 + 0. What is the highest common divisor of 585 and q?
65
Let m be 1 - 0 - (0 + -2). Suppose 0*h + m*h - 9 = -4*k, -2*h - 2 = 0. Calculate the greatest common factor of k and 3.
3
Let a(o) = o**2 - 2*o - 2. Let c be a(-1). Let j(w) = -3*w - 1. Let k be j(-2). Let h = k - 1. Calculate the greatest common factor of h and c.
1
Suppose 0 = -20*m + 319 + 1361. What is the highest common factor of 70 and m?
14
Let t(r) be the second derivative of r**4/6 + 10*r**3/3 - 15*r**2 + 13*r. Let y be t(-17). What is the highest common factor of 26 and y?
26
Suppose -5 = 6*a - 185. Suppose -b + a = z + z, -4*z - 60 = -3*b. What is the greatest common factor of b and 6?
6
Let b(s) = 13*s + 9. Let m(t) = t + 3*t + 2 - 3*t. Let r be m(10). Let a be b(r). What is the greatest common divisor of 33 and a?
33
Let p = 180 + -172. Let t(o) = o**2 - 3*o + 1. Let j be t(3). What is the highest common factor of p and j?
1
Let b = -9 - -2. Let l(w) = w + 3. Let y be l(b). Let r(s) = -s**3 + 3*s + 4. Let p be r(y). Calculate the highest common divisor of 8 and p.
8
Let m be (-1)/(5 - (105/26 + 1)). What is the greatest common divisor of m and 65?
13
Let x be 329/3 + (-10)/(-30). Suppose 1 = -4*y + 57. Let o be 142/y - (-11)/(-77). Calculate the greatest common factor of x and o.
10
Suppose 0 + 40 = 5*n. Let c be -57*(n/(-6) + -4). What is the greatest common divisor of 38 and c?
38
Let a(h) = -6*h**3 - h**2 - 2*h - 10. Let c be a(-2). What is the highest common divisor of c and 1178?
38
Let g = -56 + 92. Let u = 95 + -71. Calculate the greatest common divisor of g and u.
12
Suppose -36*g - 5*a + 44 = -33*g, 0 = 5*g + 3*a - 84. Calculate the greatest common divisor of g and 1728.
18
Suppose 5*i + 0*i - 75 = 0. Let s = 19 - i. Suppose 0*b = b - s*g - 47, -5*g + 56 = 3*b. What is the highest common factor of 54 and b?
27
Suppose -6 = 3*o, 3 = -0*b - b - 4*o. Let v(w) = 2*w - 7. Let r be ((-27)/12)/(12/(-32)). Let d be v(r). Calculate the greatest common divisor of d and b.
5
Let u = -103 + 339. Calculate the highest common factor of 413 and u.
59
Let q = 58 - 55. Let a be (23 + q)/(18/27). Calculate the greatest common divisor of a and 6.
3
Suppose g - h - 1 = 5, -2*h = 5*g - 2. Suppose g*r + 10 = 90. Suppose 1 = 3*d - 2, 0 = -4*b + 4*d + r. What is the greatest common divisor of 88 and b?
11
Let u = 325 - 292. Calculate the greatest common factor of u and 187.
11
Let u(n) be the second derivative of -n**4/12 + 5*n**3/6 - 3*n**2/2 + 10*n. Let o be u(4). Calculate the highest common factor of 3 and o.
1
Let x = -135 - -145. Let l = 30 + x. Calculate the greatest common divisor of l and 10.
10
Suppose -c = -4*f, 0 = -c - 0*f + 5*f + 4. Let g = c + 22. Calculate the greatest common factor of g and 6.
6
Let k(q) = q + 5. Let i(g) = g**3 - g**2 - g + 2. Let w be i(0). Suppose 0 = -3*y - w*y + 15. Let l be k(y). Calculate the greatest common divisor of 24 and l.
8
Let z = 79 - 76. Let r be (12/z)/(6/12). Calculate the highest common divisor of r and 8.
8
Suppose -4*r - 21 + 185 = 0. Suppose 23 = j - r. What is the greatest common factor of j and 4?
4
Suppose o + 128 = 31. Let n = -17 - o. Let q(w) = w**3 + 5*w**2 - 5*w - 4. Let b be q(-4). What is the greatest common factor of b and n?
16
Suppose -2*n + 65 = -f, -3*n = -2*f - 2*f - 110. Calculate the highest common divisor of 1 and n.
1
Let f(c) = -2*c + 2. Let q be f(-5). Suppose 0*u - 2*u = q. Let m be 1670/30 + (-2)/u. What is the highest common factor of 7 and m?
7
Let t be ((-8)/(-28))/(6/(-14))*-21. Suppose -d + 4*o - 6 = -20, -2*o - 28 = -2*d. What is the greatest common divisor of t and d?
14
Let d(r) = 23*r - 3. Let p be d(1). Let o = p - 11. Suppose 5*w + 0*u + 4*u - 45 = 0, -5*u = -3*w + 27. Calculate the greatest common divisor of w and o.
9
Let i be 3 + 1/((-4)/72). Let a be (-7)/2*(i + 7). Let y(l) = 2*l**3 - 6*l**2 - 2*l - 6. Let j be y(5). Calculate the highest common divisor of j and a.
28
Let n be (-5 + -1)*(-4)/8. Let j be (-14 + 4)*6/(-15). Let m be 4 + (-5 - (-12)/j). What is the greatest common divisor of n and m?
1
Suppose -4 = 2*w, 19 = -q + w + 141. Suppose -102*v + 100*v + 48 = 0. What is the highest common divisor of v and q?
24
Let f = 6 - -17. Let m be -1*(-92)/6*(-63)/(-14). Calculate the highest common divisor of m and f.
23
Let w be 4/18 + (-38)/9. Let d(u) = -u**3 + u**2 + 6*u + 4. Let s be d(w). Calculate the greatest common divisor of 20 and s.
20
Let o(j) = 2*j**2 + 3*j - 2. Let r be o(2). Let t be 188/r - (-1)/3. Let v be 8/((-3)/(-1*6)). What is the highest common factor of t and v?
16
Suppose 352 = 5*o - 2*h, -2*o = -8*h + 10*h - 152. Calculate the highest common factor of 18 and o.
18
Suppose 0 = -v + 20 + 4. Let i = v - 22. Suppose 6*a = i*a + 96. What is the greatest common divisor of a and 36?
12
Let c be 1*(-1 - -82)*1. Let x = 48 - 29. Let q = 46 - x. Calculate the highest common factor of q and c.
27
Let k = 7 - 6. Let i be (k + 0)/((-13)/(-351)). Let j = -5 + i. What is the highest common divisor of 55 and j?
11
Let h be (-1293)/6 - 3/(-6). Let p be (-2 - -1)/(5/h). Calculate the highest common divisor of 43 and p.
43
Let u be 4/(-14) - 258/(-21). Let t = 16 - u. Suppose -2*h = -t*i - 138 - 214, 3*h - 528 = 2*i. What is the highest common divisor of h and 16?
16
Suppose -4*g - 4*w + 166 = -6*w, 78 = 2*g - 2*w. Calculate the greatest common divisor of 11 and g.
11
Suppose -4*s - 5*d = 80, 5*d + 19 + 31 = -2*s. Let n = 20 + s. Calculate the highest common factor of 20 and n.
5
Let b(t) = 5*t**2 + 5*t - 6. Let f be b(-3). Suppose -3*d + f = d. Calculate the greatest common factor of 39 and d.
3
Let y = 3471 + -6327. Let f be y/(-26) + (-12)/(-78). Calculate the greatest common divisor of f and 11.
11
Let h = -294 + 437. Suppose 180 = 20*i - 80. What is the highest common divisor of h and i?
13
Let w = 79 + -75. Calculate the greatest common factor of 28 and w.
4
Let a = 4 + 1. Suppose a*t = -5 + 30. Let f be 89/t - (-6)/30. Calculate the highest common factor of 27 and f.
9
Let f = -96 - -176. Calculate the greatest common divisor of 144 and f.
16
Let f = -2461 - -2484. Suppose -536 = -3*k - 4*u, -3*k + 4*u + 548 = 5*u. What is the highest common divisor of f and k?
23
Let m be 8/(-48) + -1 + (-1281)/(-18). Suppose 0 = 4*u - 9*u + 3*a + 155, 3*a = -3*u + 69. Calculate the highest common factor of u and m.
14
Let p(c) be the first derivative of c**3/3 - c**2/2 - 21*c - 5. Let l be p(-6). Suppose 5*u - 56 = u. What is the highest common factor of u and l?
7
Suppose -2*n - 15 = -4*l + 11, 0 = 3*l - 3*n - 21. Let v be 81*(l/9)/2 - 0. What is the greatest common divisor of 189 and v?
27
Let q = -101 - -87. Let b be (-4 - (-14)/3)*-3 - q. Calculate the greatest common divisor of b and 12.
12
Suppose -5*k - 20 = 0, -3*k + 0 = -5*p + 2. Let g = 10 + p. Calculate the greatest common divisor of g and 4.
4
Let l = 1355 - 1245. Let t(x) = x**3 + 8*x**2 + 9*x + 4. Let b be t(-6). What is the greatest common factor of l and b?
22
Let k = 1055 - 1033. Suppose u = -4*x + 6, -3*u = -4*x + 8*x - 10. Calculate the highest common divisor of u and k.
2
Suppose -3*m + 448 = u, -5*m + 400 = 2*u - 494. Calculate the greatest common divisor of u and 34.
34
Let q = -45 + 45. Suppose q = 3*p + 6, -p + 2*p - 88 = -5*r. Calculate the greatest common factor of r and 12.
6
Let f be 5/(5 - (-1170)/(-236)). Calculate the highest common factor of f and 531.
59
Suppose -4*y - 3*o + 31 = y, -2*o = 3*y - 19. Suppose 458 = 4*r - y*x - 82, 548 = 4*r - 3*x. What is the greatest common factor of r and 56?
28
Let r = -1595 - -2791. Calculate the greatest common divisor of r and 92.
92
Let r(g) = 4*g - 2. Let p be r(-2). Let s = -2 - p. Suppose o - 2*y = 